 -28. What is the tens digit of g?
2
Let m(w) = -7*w - 23. What is the units digit of m(-5)?
2
Let a(g) = -5*g - 3. Let r(f) = 1. Let u(k) = -a(k) - 4*r(k). Let j be (-1)/(-3) - (-4)/6. What is the units digit of u(j)?
4
Let l be (-2)/4 - 7/(-2). Suppose 0 = 4*q - 4, -3*q = l*o - 4*q - 35. What is the tens digit of (0 + 15)*o/18?
1
Let r be -1 + (-4)/2 + -3. Let l = 7 + r. What is the units digit of l?
1
Suppose 4*s - 89 = 199. What is the tens digit of s?
7
Let i = -107 - -190. What is the units digit of i?
3
Suppose -4*a = -4*g + 2 + 2, 3*a - 13 = -g. Suppose 4*c - a*c = 5. What is the units digit of c?
5
Let q(a) = a**2 + 8*a + 13. Let g be q(-10). Let z = g + -21. What is the units digit of z?
2
Let j be (0 - -3) + (2 - 3). Suppose a - 3*a - 2*i + 14 = 0, 14 = j*a - i. What is the tens digit of (-14)/(-2) - (4 - a)?
1
Suppose 0 = 2*v - 4*r - 8, -3*v + 12 = -r - 3*r. What is the units digit of v?
4
Suppose 23*q = 26*q. Suppose 2*f + 0*f - 2 = q. What is the units digit of f?
1
Let a = 76 - 26. What is the tens digit of a?
5
Let z be -12*(-1 - 2/(-3)). Let i(w) = z + 0 + 4 - 7 - w. What is the tens digit of i(-11)?
1
Let o be 4/(-14) - 74/(-14). Suppose d + 9 = o*a - 13, -2*d = -4*a + 14. What is the units digit of d?
3
Suppose 0 = -2*g - 0*g - 234. Let p be (-2)/(g/(-60) - 2). Suppose -p = 2*f - 7*f. What is the units digit of f?
8
Let p be -2*-2*87/12. Let n = p + -14. What is the tens digit of n?
1
Suppose 0 = u + 3*x + 6, 6 = u + 2*u + x. Suppose -2*o + 11 = -u. Let k = o + 8. What is the tens digit of k?
1
Let x(o) = -5*o - 5. Let c(n) = 6*n + 6. Let s(l) = 4*c(l) + 5*x(l). Let b be s(-1). What is the units digit of 9 - -1 - (b + 1)?
9
Let j be (-2 + 0)*(-3 - 5). Suppose 5*h - 4*w = -18, -h - 2*h + 5*w = j. What is the units digit of (h + 14/10)*-5?
3
Suppose -2*j - 175 = 3*j. Let k = -21 - j. What is the units digit of k?
4
Let a be 6/(-4) + (-4)/(-8). What is the tens digit of a/(2 + 69/(-33))?
1
Suppose 18 = 8*a - 10*a. Let m = a + 29. What is the tens digit of m?
2
Suppose -2*t - j = 3*j, 0 = -t + 3*j + 5. What is the units digit of (t/5)/(3/45)?
6
What is the units digit of 1 - (164/(-4) - 3)?
5
Let c = 18 - 13. What is the tens digit of -1 + -2 + c + 17?
1
Let h be (5/4)/((-3)/12). Let f = 10 + h. Suppose -17 - 3 = -f*g. What is the units digit of g?
4
Let q be 4/6*(45 + -3). Suppose 4*m + 4*u + 0*u - q = 0, 5*u = 5*m + 15. Let z = m - 0. What is the units digit of z?
2
Let p be (-8)/44 + 673/11. Suppose -u = -4*i + p, -u + 27 = 2*i + 2*u. What is the tens digit of i?
1
What is the units digit of ((-105)/6)/7*-2?
5
What is the tens digit of 819/9 - (0 - -3)?
8
Let c be (-604)/(-6) + (-10)/15. Let m be ((-7)/(-2) - 3)*c. What is the units digit of (8/20)/(2/m)?
0
Suppose 87 - 372 = -5*i. What is the units digit of i?
7
Let t = -7 + 9. Suppose -15 = l + t*l. Let a(o) = -o**2 - 4*o + 7. What is the units digit of a(l)?
2
Let q(s) = -s - 1. Suppose -30 = -0*j + 5*j. Let a be q(j). Suppose -a*m + 5 = 0, -11 = -3*y - m + 17. What is the units digit of y?
9
What is the units digit of (12/14)/3 - (-26)/7?
4
Let s(l) be the first derivative of l**3/3 - l**2/2 - 2*l + 1. Let w be s(3). Suppose -i - w*a = -17, i + 6 = 4*i - 3*a. What is the units digit of i?
5
Suppose -6*t + 2*t + 3*c + 10 = 0, 0 = 5*t + 2*c - 1. Let n(z) = 28*z**2 + z - 1. What is the tens digit of n(t)?
2
Suppose d = -2*m + 23, 7 = -m - 4*d + 1. Suppose -3*q + 10 = -m. What is the units digit of q?
8
Let i(x) = -13*x + 11. What is the units digit of i(-7)?
2
Suppose -19 = -5*a + 21. Suppose a*h + 15 = 3*h, 0 = -p + 2*h + 27. Suppose 2*r - p - 5 = 0. What is the units digit of r?
3
Let l(c) = -c**3 - 4*c**2 - 4*c + 17. What is the units digit of l(-7)?
2
Let n = -2 - -6. Let l(d) = d - 3. Let b be l(1). Let v = n + b. What is the units digit of v?
2
Let g(o) = o**2 + 3*o - 2. Let i be g(-3). Let h = 0 - i. Suppose -4*j + h*j = -8. What is the units digit of j?
4
Let s = 513 - 365. What is the hundreds digit of s?
1
Suppose 16 = 5*l - l. Suppose f = 5*f - l. What is the units digit of f?
1
Let r(i) = 35*i + 6. What is the tens digit of r(4)?
4
Let v(m) = m - 1. Let b be -3*(2 + (-9)/3). Let k be v(b). Let s = 3 - k. What is the units digit of s?
1
Let w be ((-9)/(-15))/(2/10). Suppose -73 - 65 = -w*m. Suppose 5*x - m = 19. What is the tens digit of x?
1
Let m be (10/(-8))/((-2)/8). Let s(x) = -2*x. Let l be s(-2). Suppose l*f = 3*f - m*h + 12, -3*h + 3 = 0. What is the units digit of f?
7
Let j be (-1 - 0) + (1 - 19). Let y = j - -28. Suppose t = 4*w + 3*t + 2, -2*w + y = -t. What is the units digit of w?
2
Suppose -g + 6*g = 2*t + 124, -4*t - 40 = -2*g. What is the units digit of g?
6
Suppose -3*g - 2 = -4*k - 4, 0 = -4*k + 4. What is the units digit of 1*-1*(g + -3)?
1
Let n be 8/(-4) - -1 - -6. Let f(k) = k**2 + 8*k + 3. Let z be f(-7). Let u = z + n. What is the units digit of u?
1
Let r be 2 - (-1 - (-3 + 2)). What is the units digit of 8/12*r*12?
6
Suppose 0 = -g - 2*g + 324. Suppose -g = -3*c - c. What is the tens digit of c?
2
Suppose 4*z - 2*f = 38, 5*z - 33 = -f - 3. Suppose z*p - 42 = 4*p. What is the units digit of p?
4
Let g be (8 + -8)*(-2)/(-6). Suppose -3*j + 125 = -5*i - 0*i, -5*j + 5*i + 195 = g. What is the tens digit of j?
3
Let i = -89 - -151. Suppose 4*u - 5*z - 5 = i, z - 91 = -5*u. What is the tens digit of u?
1
Suppose -3*o = 4*o - 2275. What is the tens digit of o?
2
Let n(g) = 43*g**2 - g - 2. What is the units digit of n(-1)?
2
Suppose -2*f = 5*d - 6, 2*d + 20 = 2*f - 0. Suppose 5*h = 17 + f. What is the tens digit of -4*(75/(-6))/h?
1
Let y = 22 - 4. What is the units digit of y?
8
Suppose 3*m - 3*u - 573 = 0, -m + 5*m + u - 764 = 0. What is the tens digit of m?
9
What is the hundreds digit of (-3)/(-4) - 890/(-8)?
1
Let h(g) = -3*g - 7. Let m be h(-15). Suppose -2*z + 2*r + m = 0, -2*r - 91 = -5*z + r. What is the units digit of z?
7
Let y(g) = g**2 - 2*g. Let q be y(3). Let k = 4 - q. What is the units digit of 30/4 + k/2?
8
Suppose 2 = -4*p + 14. Suppose a = p*a - 8. What is the units digit of a?
4
Suppose -d - 4*m - 1 = -6*m, -4*m + 8 = 0. What is the units digit of d?
3
Suppose n = 24 - 6. Let x = n + -7. Suppose 3*f = x + 31. What is the units digit of f?
4
Let l be (-2)/8*-2*2. Let n = l - 0. What is the units digit of n/5 + 8/10?
1
Let c = 26 + -1. Let a = c - 3. What is the tens digit of a?
2
Let o(b) = 5*b - 1. What is the tens digit of o(7)?
3
Suppose 4*d - 2*x = -d + 396, -2*x = -2*d + 156. What is the units digit of d?
0
Let z = 24 + -15. Let f = -7 + z. What is the units digit of f?
2
Suppose -5*o - 21 = -1. What is the units digit of 1179/63 - o/14?
9
Suppose -g + 111 = 2*g. Suppose -7 + g = 3*m - 5*q, -2*m - q + 7 = 0. Suppose 0*k - 3*k + 41 = -m*p, -5*p = 4*k - 8. What is the units digit of k?
7
Suppose -5*l = -9*s + 4*s + 100, 3*s - 5*l = 56. What is the units digit of s?
2
Let v(k) = k**3 - 3*k**2 + k - 10. What is the tens digit of v(5)?
4
Let s be -1*(-1)/(-1 + 0). Let w be 1/(-2 - s) - -3. Suppose 1 = w*u - 5. What is the units digit of u?
3
What is the tens digit of (1753/15 - 3) + 2/15?
1
Let z = 9 + -6. Let s be z + -1 - -142 - -2. What is the units digit of (-1)/6 - s/(-12)?
2
Let z be (-2 - 42/9)*-3. What is the units digit of 72/z*(-10)/(-4)?
9
Let m = -19 + 67. Suppose 0 = o + 2*o - m. What is the tens digit of o?
1
Let a = -5 - -3. What is the tens digit of (-1)/a + (-264)/(-16)?
1
Let t(j) = 3*j. Let q be t(3). Suppose 39 - 1 = 2*r + 2*x, q = -3*x. What is the tens digit of r?
2
Let j = -26 - -46. Suppose n + 4*q - 14 = 5*q, -n - 5*q + j = 0. Suppose -c = -6*c + n. What is the units digit of c?
3
Suppose 4*x + 104 = 784. Suppose -2*n + 3*s + 45 = 0, 5*n + 0*s = -4*s + x. Suppose 0 = -5*t + 10 + n. What is the units digit of t?
8
Suppose 2*w = -w. Let o = 92 - 52. Suppose 3*s - 5*z - 20 = w, 0*s = -4*s + 4*z + o. What is the units digit of s?
5
Let f(t) = -t**3 + 7*t**2 + 9*t - 6. What is the tens digit of f(7)?
5
Suppose -23 = 4*n + 5. Let a be (-12)/42 + 96/n. What is the units digit of 9/15 - a/10?
2
Let r(q) = q**2 + 6. What is the units digit of r(0)?
6
Let a = -72 - -101. What is the tens digit of a?
2
Let b = 10 + -4. Let q = 12 - b. Suppose -q - 5 = -2*w - i, -i - 1 = -2*w. What is the units digit of w?
